{"id":35410,"date":"2015-07-14T10:53:12","date_gmt":"2015-07-14T08:53:12","guid":{"rendered":"https:\/\/hno-arzt.at\/?page_id=35410"},"modified":"2015-10-14T12:03:02","modified_gmt":"2015-10-14T10:03:02","slug":"schnupfen","status":"publish","type":"page","link":"https:\/\/hno-arzt.at\/index.php\/hno\/symptome\/schnupfen\/","title":{"rendered":"Schnupfen, behinderte Nasen\u00adatmung"},"content":{"rendered":"<p>[vc_row][vc_column][vc_column_text]Der gesamte Nasen-, Mund- und Rachenbereich ist durch Schleimhaut ausgekleidet.<\/p>\n<p>Die Nasenschleimhaut hat die Funktion, die Atemluft zu reinigen und zu erw\u00e4rmen, ein spezieller Teil erm\u00f6glicht das Riechen.<br \/>\nBei verschiedenen Reizen kann die Nasenschleimhaut sehr schnell anschwellen und damit das Naseninnere verschlie\u00dfen und Sekret produzieren.<\/p>\n<p><strong>Schleimhautschwellungen<\/strong><\/p>\n<p><strong>Ursachen<\/strong><br \/>\nakut: infekti\u00f6ser Schnupfen -&gt; Akute Entz\u00fcndung der Nasenschleimhaut &#8211; Schnupfen (Rhinitis)<br \/>\nchronisch: nicht infekti\u00f6ser Schnupfen -&gt; Chronische Irritations- und Entz\u00fcndungszust\u00e4nde der Nasenschleimhaut (chronische Rhinitis)<br \/>\nmanchmal in Kombination mit einer chronischen Nasennebenh\u00f6hlenentz\u00fcndung<br \/>\nund\/oder Nasenpolypen -&gt; Chronische Nasennebenh\u00f6hlenentz\u00fcndungen (chronische Sinusitis)<br \/>\nallergischer Schnupfen -&gt; Allergien<\/p>\n<p>Ein weiterer Grund f\u00fcr eine behinderte Nasenatmung bei normaler Nasenschleimhaut ist eine zu enge innere Nase durch Deformierung der knorpeligen und kn\u00f6chernen Nasenbestandteile.<\/p>\n<p><strong>Verengte innere Nase<\/strong><\/p>\n<p><strong>Ursachen<\/strong><br \/>\nNasenscheidewandverkr\u00fcmmung (Septumdeviation)<br \/>\nNasenscheidewandoperation (Septumplastik)<br \/>\nVergr\u00f6\u00dferte untere Nasenmuscheln (Muscheloperationen)<br \/>\nDeformierungen der \u00e4u\u00dferen Nase -&gt; Plastische HNO-Operationen<\/p>\n<p>Weiters k\u00f6nnen vergr\u00f6\u00dferte Nasenrachenmandeln (Adenoide, \u201ePolypen\u201c) -&gt; Rachenmandelentfernung (&#8222;Polypen&#8220;)(Adenotomie) besonders bei Kindern zu einer Nasenatmungsbehinderung f\u00fchren.<\/p>\n<p>Nur der HNO-Arzt kann durch Untersuchung des Naseninneren und Nasen\u00e4u\u00dferen die optimale Therapie bei behinderter Nasenatmung finden.[\/vc_column_text][\/vc_column][\/vc_row]<\/p>\n","protected":false},"excerpt":{"rendered":"<p>[vc_row][vc_column][vc_column_text]Der gesamte Nasen-, Mund- und Rachenbereich ist durch Schleimhaut ausgekleidet. Die Nasenschleimhaut hat die Funktion, die Atemluft zu reinigen und zu erw\u00e4rmen, ein spezieller Teil erm\u00f6glicht das Riechen. Bei verschiedenen Reizen kann die Nasenschleimhaut sehr schnell anschwellen und damit das Naseninnere verschlie\u00dfen und Sekret produzieren. Schleimhautschwellungen Ursachen akut: infekti\u00f6ser Schnupfen -&gt; Akute Entz\u00fcndung der Nasenschleimhaut&hellip;<\/p>\n","protected":false},"author":1,"featured_media":0,"parent":35408,"menu_order":0,"comment_status":"closed","ping_status":"closed","template":"","meta":[],"_links":{"self":[{"href":"https:\/\/hno-arzt.at\/index.php\/wp-json\/wp\/v2\/pages\/35410"}],"collection":[{"href":"https:\/\/hno-arzt.at\/index.php\/wp-json\/wp\/v2\/pages"}],"about":[{"href":"https:\/\/hno-arzt.at\/index.php\/wp-json\/wp\/v2\/types\/page"}],"author":[{"embeddable":true,"href":"https:\/\/hno-arzt.at\/index.php\/wp-json\/wp\/v2\/users\/1"}],"replies":[{"embeddable":true,"href":"https:\/\/hno-arzt.at\/index.php\/wp-json\/wp\/v2\/comments?post=35410"}],"version-history":[{"count":10,"href":"https:\/\/hno-arzt.at\/index.php\/wp-json\/wp\/v2\/pages\/35410\/revisions"}],"predecessor-version":[{"id":36150,"href":"https:\/\/hno-arzt.at\/index.php\/wp-json\/wp\/v2\/pages\/35410\/revisions\/36150"}],"up":[{"embeddable":true,"href":"https:\/\/hno-arzt.at\/index.php\/wp-json\/wp\/v2\/pages\/35408"}],"wp:attachment":[{"href":"https:\/\/hno-arzt.at\/index.php\/wp-json\/wp\/v2\/media?parent=35410"}],"curies":[{"name":"wp","href":"https:\/\/api.w.org\/{rel}","templated":true}]}}