{"id":35611,"date":"2015-07-15T17:47:32","date_gmt":"2015-07-15T15:47:32","guid":{"rendered":"https:\/\/hno-arzt.at\/?page_id=35611"},"modified":"2015-10-07T11:10:32","modified_gmt":"2015-10-07T09:10:32","slug":"schnarchen","status":"publish","type":"page","link":"https:\/\/hno-arzt.at\/index.php\/hno\/erkrankungen\/schnarchen\/","title":{"rendered":"Schnarchen"},"content":{"rendered":"<p>[vc_row margin_top=&#8220;0&#8243; margin_bottom=&#8220;0&#8243; full_width=&#8220;&#8220; padding_left=&#8220;0&#8243; padding_right=&#8220;0&#8243; animation=&#8220;&#8220; type=&#8220;&#8220; bg_color=&#8220;&#8220; bg_position=&#8220;top&#8220; bg_repeat=&#8220;no-repeat&#8220; bg_cover=&#8220;false&#8220; bg_attachment=&#8220;false&#8220; padding_top=&#8220;0&#8243; padding_bottom=&#8220;0&#8243; enable_parallax=&#8220;&#8220; parallax_speed=&#8220;0.1&#8243; bg_video_src_mp4=&#8220;&#8220; bg_video_src_ogv=&#8220;&#8220; bg_video_src_webm=&#8220;&#8220; bg_type=&#8220;&#8220; parallax_style=&#8220;&#8220; bg_image_new=&#8220;&#8220; layer_image=&#8220;&#8220; bg_image_repeat=&#8220;&#8220; bg_image_size=&#8220;&#8220; bg_cstm_size=&#8220;&#8220; bg_img_attach=&#8220;&#8220; parallax_sense=&#8220;&#8220; bg_image_posiiton=&#8220;&#8220; animation_direction=&#8220;&#8220; animation_repeat=&#8220;&#8220; video_url=&#8220;&#8220; video_url_2=&#8220;&#8220; u_video_url=&#8220;&#8220; video_opts=&#8220;&#8220; video_poster=&#8220;&#8220; u_start_time=&#8220;&#8220; u_stop_time=&#8220;&#8220; viewport_vdo=&#8220;&#8220; enable_controls=&#8220;&#8220; bg_override=&#8220;&#8220; disable_on_mobile_img_parallax=&#8220;&#8220; parallax_content=&#8220;&#8220; parallax_content_sense=&#8220;&#8220; fadeout_row=&#8220;&#8220; fadeout_start_effect=&#8220;&#8220; enable_overlay=&#8220;&#8220; overlay_color=&#8220;&#8220; overlay_pattern=&#8220;&#8220; overlay_pattern_opacity=&#8220;&#8220; overlay_pattern_size=&#8220;&#8220; overlay_pattern_attachment=&#8220;&#8220; multi_color_overlay=&#8220;&#8220; multi_color_overlay_opacity=&#8220;&#8220; seperator_enable=&#8220;&#8220; seperator_type=&#8220;&#8220; seperator_position=&#8220;&#8220; seperator_shape_size=&#8220;&#8220; seperator_svg_height=&#8220;&#8220; seperator_shape_background=&#8220;&#8220; seperator_shape_border=&#8220;&#8220; seperator_shape_border_color=&#8220;&#8220; seperator_shape_border_width=&#8220;&#8220; icon_type=&#8220;&#8220; icon=&#8220;&#8220; icon_size=&#8220;&#8220; icon_color=&#8220;&#8220; icon_style=&#8220;&#8220; icon_color_bg=&#8220;&#8220; icon_border_style=&#8220;&#8220; icon_color_border=&#8220;&#8220; icon_border_size=&#8220;&#8220; icon_border_radius=&#8220;&#8220; icon_border_spacing=&#8220;&#8220; icon_img=&#8220;&#8220; img_width=&#8220;&#8220; ult_hide_row=&#8220;&#8220; ult_hide_row_large_screen=&#8220;&#8220; ult_hide_row_desktop=&#8220;&#8220; ult_hide_row_tablet=&#8220;&#8220; ult_hide_row_tablet_small=&#8220;&#8220; ult_hide_row_mobile=&#8220;&#8220; ult_hide_row_mobile_large=&#8220;&#8220;][vc_column width=&#8220;1\/1&#8243; animation=&#8220;&#8220;][vc_column_text]<strong>Schnarchen, Atemst\u00f6rungen im Schlaf<\/strong><\/p>\n<p><strong>Was ist Schnarchen?<\/strong><br \/>\nSchnarchen ist ein verst\u00e4rktes Atemger\u00e4usch durch Vibrationen (\u201eFlattern\u201c) von Weichgewebe, Schleimhaut oder lymphatischem Gewebe im Atemtrakt (Gaumen, Z\u00e4pfchen, Zungengrund, Kehlkopf).<\/p>\n<p><strong>Warum entstehen diese Bewegungen gerade im Schlaf?<\/strong><br \/>\nIm Schlaf entspannt sich die Muskulatur im Rachen- und Schlundbereich, dadurch wird das Weichgewebe noch weicher.<\/p>\n<p><strong>Ist Schnarchen gef\u00e4hrlich?<\/strong><br \/>\nBei manchen Schnarchern kann das soweit gehen, dass der Rachen-Schlundbereich kollabiert und Atemaussetzer im Schlaf entstehen. <strong>\u00dcbergewicht mit Fetteinlagerung<\/strong> im Bereich des Schlundes beg\u00fcnstigt dieses Kollabieren. Wenn das der Fall ist, spricht man von <strong>Schlafapnoe<\/strong> (Atemst\u00f6rungen im Schlaf).<br \/>\nEs kommt dabei zum Abfall des Sauerstoffgehalts im Blut, das f\u00fchrt zu einem kurzfristigen Erwachen des Betroffenen. Dadurch entfaltet sich der Rachen-Schlundbereich wieder und der Betroffene kann wieder normal atmen.<br \/>\nDurch das h\u00e4ufige, kurze Erwachen ist der Schlaf von diesen Menschen stark gest\u00f6rt und f\u00fchrt zu Tagesm\u00fcdigkeit.<\/p>\n<p>Das Hauptsymptom bei Schlafapnoe ist Tagesm\u00fcdigkeit mit verst\u00e4rkter Einschlafneigung untertags <strong>(Unfallgef\u00e4hrdung im Stra\u00dfenverkehr!)<\/strong>, die h\u00e4ufigen Sauerstoffs\u00e4ttigungsabf\u00e4lle in der Nacht k\u00f6nnen zu n\u00e4chtlichem Bluthochdruck mit erh\u00f6htem Risiko f\u00fcr <strong>Herzinfarkte<\/strong> oder <strong>Schlaganf\u00e4lle<\/strong> f\u00fchren.<\/p>\n<p>Auch bei Kindern kann bei Schnarchen eine Schlafapnoe auftreten. Ihr Schlaf ist oft sehr unruhig, es kann zu erneutem n\u00e4chtlichem Einn\u00e4ssen oder Schwitzen kommen. Weiters k\u00f6nnen neben Tagesm\u00fcdigkeit Gedeihst\u00f6rungen und Lernschwierigkeiten auftreten. Bei Kindern ist die h\u00e4ufigste Ursache der Schlafapnoe die Vergr\u00f6\u00dferung der Gaumen- und\/oder der Rachenmandeln.<br \/>\nDurch eine operative Entfernung derselben ist oft eine komplette Heilung von der Schlafapnoe m\u00f6glich. Gaumenmandeloperation (Tonsillektomie) Rachenmandelentfernung (&#8222;Polypen&#8220;)(Adenotomie)<\/p>\n<p><strong>Untersuchung<\/strong><br \/>\nZur Diagnosestellung der Schlafapnoe ist eine Schlafuntersuchung notwendig.<br \/>\nDer Patient wird in der Nacht \u201eschmerzfrei\u201c verkabelt.<br \/>\nBei der Polygraphie wird im Schlaf der Atemflu\u00df, das Schnarchger\u00e4usch, die Sauerstoffs\u00e4ttigung und die Atembewegungen festgestellt.<\/p>\n<p>Bei der <strong>Polysomnographie<\/strong> im Schlaflabor werden zus\u00e4tzlich Gehirnstr\u00f6me (EEG) gemessen,<br \/>\nhier k\u00f6nnen auch atemunabh\u00e4ngige Schlafst\u00f6rungen diagnostiziert werden.<\/p>\n<p>Eine Schlafapnoe ist eine Erkrankung und muss unbedingt behandelt werden!<\/p>\n<p>Bei schwereren Schlafapnoeerkrankungen wird eine n\u00e4chtliche Maskenbeatmungstherapie im Schlaflabor durchgef\u00fchrt. \u00dcber eine dichte Maske \u00fcber der Nase wird gegen einen Druck geatmet, dadurch bleiben die Atemwege auch im Schlaf offen.<\/p>\n<p>Der HNO-Arzt kann durch Untersuchung der Nase und des Rachens feststellen, ob z.B. vergr\u00f6\u00dferte Gaumen- oder Rachenmandeln, ein \u00fcbergro\u00dfes Z\u00e4pfchen oder ein Schleimhaut\u00fcberschuss an der Schnarchentstehung verantwortlich sind. Weiters wird das Naseninnere und die Kieferstellung beurteilt.<\/p>\n<p><strong>Behandlung<\/strong><br \/>\nJe nach den anatomischen Situationen k\u00f6nnen verschiedene Behandlungsmethoden durchgef\u00fchrt werden.<br \/>\n\u2022 Operationen bei Schnarchen und Schlafapnoe<\/p>\n<p><strong>Nichtoperative Schnarchma\u00dfnahmen:<\/strong><br \/>\n\u2022 Gewichtsreduktion<br \/>\nBei stark \u00fcbergewichtigen Personen kann das alleine schon zu einer deutlichen Verbesserung, oder sogar Heilung der Schlafapnoe f\u00fchren.<br \/>\n\u2022 Schlafhygiene<br \/>\nAlkoholvermeidung, keine sp\u00e4ten Mahlzeiten, kein Nikotin, geregelter Tag\/Nachtrhythmus<br \/>\n\u2022 Schlafposition<br \/>\nVerhinderung der R\u00fcckenlage bei sogenanntem R\u00fcckenschnarchen.<br \/>\n\u2022 Allergiebehandlung<br \/>\n\u2022 Nasentherapie<br \/>\nNasenfl\u00fcgelerweiterer, Nasenwanderweiterer;<br \/>\n\u2022 Medikament\u00f6se Therapie<br \/>\n\u2022 Kieferorthop\u00e4dische Schiene<br \/>\nDie durch ein kontrolliertes Vorschieben des Unterkiefers in der Nacht zu einer Erweiterung der Atemwege im Schlaf f\u00fchren.[\/vc_column_text][\/vc_column][\/vc_row]<\/p>\n","protected":false},"excerpt":{"rendered":"<p>[vc_row margin_top=&#8220;0&#8243; margin_bottom=&#8220;0&#8243; full_width=&#8220;&#8220; padding_left=&#8220;0&#8243; padding_right=&#8220;0&#8243; animation=&#8220;&#8220; type=&#8220;&#8220; bg_color=&#8220;&#8220; bg_position=&#8220;top&#8220; bg_repeat=&#8220;no-repeat&#8220; bg_cover=&#8220;false&#8220; bg_attachment=&#8220;false&#8220; padding_top=&#8220;0&#8243; padding_bottom=&#8220;0&#8243; enable_parallax=&#8220;&#8220; parallax_speed=&#8220;0.1&#8243; bg_video_src_mp4=&#8220;&#8220; bg_video_src_ogv=&#8220;&#8220; bg_video_src_webm=&#8220;&#8220; bg_type=&#8220;&#8220; parallax_style=&#8220;&#8220; bg_image_new=&#8220;&#8220; layer_image=&#8220;&#8220; bg_image_repeat=&#8220;&#8220; bg_image_size=&#8220;&#8220; bg_cstm_size=&#8220;&#8220; bg_img_attach=&#8220;&#8220; parallax_sense=&#8220;&#8220; bg_image_posiiton=&#8220;&#8220; animation_direction=&#8220;&#8220; animation_repeat=&#8220;&#8220; video_url=&#8220;&#8220; video_url_2=&#8220;&#8220; u_video_url=&#8220;&#8220; video_opts=&#8220;&#8220; video_poster=&#8220;&#8220; u_start_time=&#8220;&#8220; u_stop_time=&#8220;&#8220; viewport_vdo=&#8220;&#8220; enable_controls=&#8220;&#8220; bg_override=&#8220;&#8220; disable_on_mobile_img_parallax=&#8220;&#8220; parallax_content=&#8220;&#8220; parallax_content_sense=&#8220;&#8220; fadeout_row=&#8220;&#8220; fadeout_start_effect=&#8220;&#8220; enable_overlay=&#8220;&#8220; overlay_color=&#8220;&#8220; overlay_pattern=&#8220;&#8220; overlay_pattern_opacity=&#8220;&#8220; overlay_pattern_size=&#8220;&#8220; overlay_pattern_attachment=&#8220;&#8220; multi_color_overlay=&#8220;&#8220; multi_color_overlay_opacity=&#8220;&#8220;&hellip;<\/p>\n","protected":false},"author":1,"featured_media":0,"parent":35585,"menu_order":0,"comment_status":"closed","ping_status":"closed","template":"","meta":[],"_links":{"self":[{"href":"https:\/\/hno-arzt.at\/index.php\/wp-json\/wp\/v2\/pages\/35611"}],"collection":[{"href":"https:\/\/hno-arzt.at\/index.php\/wp-json\/wp\/v2\/pages"}],"about":[{"href":"https:\/\/hno-arzt.at\/index.php\/wp-json\/wp\/v2\/types\/page"}],"author":[{"embeddable":true,"href":"https:\/\/hno-arzt.at\/index.php\/wp-json\/wp\/v2\/users\/1"}],"replies":[{"embeddable":true,"href":"https:\/\/hno-arzt.at\/index.php\/wp-json\/wp\/v2\/comments?post=35611"}],"version-history":[{"count":2,"href":"https:\/\/hno-arzt.at\/index.php\/wp-json\/wp\/v2\/pages\/35611\/revisions"}],"predecessor-version":[{"id":35614,"href":"https:\/\/hno-arzt.at\/index.php\/wp-json\/wp\/v2\/pages\/35611\/revisions\/35614"}],"up":[{"embeddable":true,"href":"https:\/\/hno-arzt.at\/index.php\/wp-json\/wp\/v2\/pages\/35585"}],"wp:attachment":[{"href":"https:\/\/hno-arzt.at\/index.php\/wp-json\/wp\/v2\/media?parent=35611"}],"curies":[{"name":"wp","href":"https:\/\/api.w.org\/{rel}","templated":true}]}}